 - 0, 5*i = -5*a + 180. What is the remainder when 111 is divided by a?
35
Calculate the remainder when 200/2 - (-270)/(-45) is divided by 32.
30
Suppose 5*i = -o + 747, -5*i = 4*o - 616 - 122. Calculate the remainder when i is divided by 31.
26
Suppose 3*a + 2*q - 82 = 0, 3 + 22 = 5*q. Let c = a - 10. Suppose 0 = -8*o + 19 + 197. What is the remainder when o is divided by c?
13
Let k be (275 - 0) + 12/6. Let q = -171 + k. Suppose -2*l - q = -5*c, 0*c + l + 43 = 2*c. What is the remainder when 38 is divided by c?
18
Suppose -20*k + 1665 = -1475. What is the remainder when 163 is divided by k?
6
Let f(p) = -31*p - 4. Let x be f(-1). Suppose r + 2*r = x. Calculate the remainder when 26 is divided by r.
8
Let h(w) = w**2 - 6*w + 30. What is the remainder when 417 is divided by h(3)?
18
Let y(r) = r**2 + r - 8. Let o be y(-7). Suppose 3*q - o - 29 = 0. What is the remainder when q is divided by 12?
9
Let y(c) = -9*c + 35. What is the remainder when y(-3) is divided by 8?
6
Suppose 5*w - 2*f = 28, w - 3*w = 3*f - 15. Calculate the remainder when 124 is divided by (0 - -23) + w/3.
24
Suppose -3*w = 4*o - 647, -7*w - 5*o + 443 = -5*w. What is the remainder when w is divided by 13?
1
Let c(m) = 6*m**2 + 2*m - 2. Let b be c(-2). Let p be 3/b - (-105)/18. Suppose p*s - 5*s - 8 = 0. Calculate the remainder when s is divided by 5.
3
Suppose -12*l = -182 - 466. What is the remainder when l is divided by 14?
12
Suppose 5*w = -110 - 10. Suppose 5*f - 191 + 19 = -2*l, -2*f + 3*l = -65. What is the remainder when f is divided by (w + 0)*(-3)/6?
10
Suppose -2*u + 32 + 66 = 3*m, -m + 42 = 3*u. Suppose 5*a - 1 = 3*w, 0 = 2*w - 7*w + 2*a + m. What is the remainder when (14*3)/(30/20) is divided by w?
4
What is the remainder when (697/(-85))/((-2)/30) is divided by 31?
30
Suppose 45*w - 514 = 386. What is the remainder when 128 is divided by w?
8
Suppose 3*v + 4*v = 84. Suppose 8*a - 9*a + v = 0. What is the remainder when 23 is divided by a?
11
Let q(y) = 16 + 9 - 8 + 6*y + y**2. What is the remainder when 105 is divided by q(-5)?
9
Suppose 0 = 12*d - 8*d - 3*v - 193, -2*v = 4*d - 218. What is the remainder when d is divided by 14?
10
Let q = 883 - 827. Calculate the remainder when 194 is divided by q.
26
Let m(l) = -l**3 - 9*l**2 - 10*l - 12. Let p(h) = -h - 4. Let y be p(4). What is the remainder when 13 is divided by m(y)?
1
Calculate the remainder when 1/((-1 + 4)/54) is divided by 12.
6
What is the remainder when -4*(-3)/2 + (-4011)/(-191) is divided by 17?
10
Let z(i) = i**3 + 29*i**2 + 26*i + 37. What is the remainder when z(-28) is divided by 17?
8
Suppose 31*z - 28*z + 39 = 0. Let w = 51 + z. Calculate the remainder when 151 is divided by w.
37
Suppose 0 = 3*t - 2*z - 93, -6*t + 155 = -t - 3*z. Suppose 13*o + 56 - 160 = 0. What is the remainder when t is divided by o?
7
Let n(k) = k**3 - 4*k**2 - 15*k - 12. Let g = -102 + 109. What is the remainder when 58 is divided by n(g)?
28
What is the remainder when 79 is divided by 1*(-5)/35 + (-1520)/(-56)?
25
Let z(o) = o**3 - 6*o**2 - o + 11. Let b be z(6). Suppose 0*g + 15 = b*g - 5*f, f = 3*g - 19. What is the remainder when g is divided by 3/(1 - (-1 - -1))?
2
What is the remainder when 83 is divided by (-14)/(-3)*72/16 - -2?
14
Suppose 3*m = 4*m - 3. Suppose 0 = 9*b + 1 - 19. Suppose b = -q + m. What is the remainder when q is divided by 1?
0
Suppose -11 + 4 = -2*w + h, -2*h + 1 = -w. Suppose -w = g, 3*v = 5*g + 2391 + 3718. What is the remainder when (-6)/(-15) + v/30 is divided by 23?
22
Let a(w) = -26*w - 7 - 9 + 25*w. Calculate the remainder when 3 is divided by a(-19).
0
Suppose 0 = -33*a + 35*a - 4. Suppose 4*w - 3*q - 35 = 0, a*q + 28 = 4*w + 6*q. Let k = 10 + 10. Calculate the remainder when k is divided by w.
4
Let p = 140 + -55. What is the remainder when (p/3 - 1)*36/24 is divided by 5/((-10)/(-18)) - -2?
8
Let s(t) = 2*t**3 + 21*t**2 + 17*t + 5. What is the remainder when s(-9) is divided by 13?
4
Let t be 27/5 + 9/15. Suppose -3*x = 2*d - 4, t*x - d = 3*x + 7. Calculate the remainder when 4 is divided by x.
0
Let o(x) = x**2 + 8. Let a = -66 - -66. What is the remainder when o(a) is divided by 3?
2
Suppose n - 5*n + 80 = 0. Let q = 23 - n. Calculate the remainder when 3 is divided by q.
0
Suppose 30*h - 351 = -4*s + 27*h, 5*h - 193 = -2*s. What is the remainder when s is divided by 33?
18
Suppose 425 = 6*c + 173. What is the remainder when c is divided by 13?
3
Suppose -3*s + 9 = -6. Suppose i + 1 + 4 = 0. Calculate the remainder when s is divided by i/(-2) - (-7)/(-14).
1
Suppose -3*d - 27 = -93. Calculate the remainder when d is divided by 9.
4
Let o(h) be the second derivative of h**4/12 - 3*h**2/2 + 2*h. Let c = -271 + 290. What is the remainder when c is divided by o(-4)?
6
Let f be 20/11 + 8/44. Suppose 10 = f*g + 4*s, 7 = 5*g - 5*s + 27. What is the remainder when 42 is divided by g - -1 - -3 - -20?
19
Let k = 50 - 10. Let j = 68 - k. Calculate the remainder when 79 is divided by j.
23
Let w = 51 + -44. Let f(t) = 9*t - 44. What is the remainder when 91 is divided by f(w)?
15
Let w(i) = 1 + i + 0 - 4*i + 2. Calculate the remainder when 16 is divided by w(-2).
7
Let x be (-4511)/(-52) - 1/(1*-4). Suppose 4*p = -5*j + x, -2*p + 18 = 2*j - 28. What is the remainder when 137 is divided by p?
25
Let t = 78 + -71. Suppose -t*s + 2*s + 35 = 0. Let u = 41 + -23. What is the remainder when u is divided by s?
4
Suppose q - 293 = -o, -5*o - 1172 = 5*q - 9*q. Calculate the remainder when q is divided by 27.
23
Let t(n) = 3*n**2 + n. Let b be t(-1). Suppose -4*h - 12 = 0, b*m - 3*h - 165 + 6 = 0. Suppose 207 - m = 2*y. Calculate the remainder when y is divided by 34.
32
Let l(h) = 3*h - 7. Let d = 14 - 11. Suppose -d*v = 3*s + v - 4, 0 = 2*s + v - 11. Calculate the remainder when l(12) is divided by s.
5
Suppose 23*o - 283 = 430. Suppose 4*u = -3*l + 2*l + 2, -2*l + 11 = u. Suppose l*i + 2*p = 3*i + 59, -i + 21 = p. What is the remainder when o is divided by i?
14
Let u = -1604 + 1755. What is the remainder when u is divided by 72?
7
Let z = 2880 + -2826. What is the remainder when 482 is divided by z?
50
Suppose -5*l = 25, c - l - 83 = 2. What is the remainder when c is divided by 42?
38
Let x = 11 - -9. Suppose 0*h - 3*n = 4*h - 232, 4*h + 2*n = 236. Suppose -r - 109 = -2*c, -85 = -3*c + 5*r + h. Calculate the remainder when c is divided by x.
17
Calculate the remainder when 10*4*(-261)/(-116) is divided by 21.
6
Let d = 16 + -33. Let w = 13 + d. Calculate the remainder when 43 is divided by w - -19 - (3 - -1).
10
Calculate the remainder when (-1746)/4*(2 - (-80)/(-30)) is divided by 139.
13
Let w(m) = -m**2 + 5*m + 21. Let s be w(-4). Let d = s - -27. What is the remainder when 81 is divided by d?
9
Let g(h) = -2*h - 4. Let s be g(0). Let j(l) = -l**2 - 5*l. Calculate the remainder when j(s) is divided by 3.
1
Let j be 2/(-1) + 0 + -67 + -8. Let g = j + 92. Calculate the remainder when 42 is divided by g.
12
Let z(s) = 7 + 2 - 3 - 4 + 3*s**2. Suppose -3*q + 55 - 9 = 5*i, 2*q = -4*i + 30. Calculate the remainder when z(-4) is divided by q.
16
Let i = 440 - 101. Suppose -6*t = -i + 105. What is the remainder when 74 is divided by t?
35
Let j = 1 - 7. What is the remainder when 27 is divided by (2 + 1)/((-5)/(100/j))?
7
Let j = 0 - 8. Let r(o) = o**2 + 3*o - 3. Calculate the remainder when 72 is divided by r(j).
35
Suppose -5*p = -2*p. Suppose p*j - 2*j + 46 = 0. Suppose -3*v = -27 + 3. What is the remainder when j is divided by v?
7
Let v(s) = -s**3 + 3*s**2 - s. Let z be 3 + 2/1 - 3. Let b be v(z). What is the remainder when 33 is divided by (b/3)/((-14)/(-378))?
15
Let b = 27 - 3. Let t be (-2)/(-3)*57 - -1. Suppose 4*v = 7*v - t. What is the remainder when b is divided by v?
11
What is the remainder when (-27824)/(-74)*1/2 is divided by 50?
38
Let v = -6 - -9. Suppose 0 = 4*f, 0 = -5*w + 33*f - 29*f + 55. Calculate the remainder when w is divided by v.
2
Let v(q) = 3*q - 12. Let b(s) = -2*s + 11 - 2*s + 3*s. Let j be b(0). Calculate the remainder when 81 is divided by v(j).
18
Let q(z) = z + 32. Let o be (31 + -1)/(0 + 2). Let s(g) = -g + 15. Let j be s(o). Calculate the remainder when q(j) is divided by 11.
10
Let b(m) = -77*m - 17. Let f(i) = -26*i - 6. Let r(h) = 4*b(h) - 11*f(h). What is 